ctor of o and n.
3
Suppose -2*i = m - 24 - 34, 4*m - 5*i - 180 = 0. Calculate the greatest common divisor of m and 835.
5
Let z be ((-12)/16*-2)/((-3)/(-234)). Let n = 160 - z. Suppose -83 = -7*b + n. Calculate the highest common divisor of 4 and b.
2
Suppose 4*j - 1235 = -5*g, 4*j = 7*g - 11*g + 1240. Let x be 3 + (78/3 - -1). Calculate the highest common factor of x and j.
15
Let c be 25405 - 5/((-80)/36)*(-16)/12. What is the greatest common divisor of 26 and c?
26
Suppose 4*y = -0 - 0. Suppose -t - 17 = 4*j, 3*t + 0*j + 4*j + 11 = y. Let i(x) = 6*x - 3. Let m be i(5). What is the highest common factor of m and t?
3
Suppose 0 = -3319*d + 3351*d - 5052 - 1700. Calculate the highest common divisor of d and 16880.
211
Suppose -8*y + 83 = -5. Suppose -69 = -4*c - 241. Let q = c - -65. What is the greatest common factor of y and q?
11
Let b = 363 - 347. Suppose 7*x - 506 = -b*x. Calculate the highest common factor of x and 66.
22
Let y(o) = o**2 + 4*o + 27. Let j be y(15). Suppose -j*w = -305*w - 147. Calculate the highest common divisor of w and 6.
3
Let s be (5 - (-57)/(-12)) + 207/4. Let l = -151 - -151. Suppose 0 = 3*u + 12, 0 = -4*n + u - l*u + s. Calculate the highest common divisor of n and 30.
6
Suppose -933 = -2*u - 3*i + 356, u - 632 = -4*i. Calculate the greatest common divisor of u and 1141.
163
Let y = 14 - 17. Let k be y/(3*-1 - (-16)/5). Let p = k + 20. What is the greatest common factor of 2 and p?
1
Suppose -2*n - 210 = 3*n. Let d be 3/6*(2 - 4 - n). Suppose 6*o - o - 100 = -2*y, -4*y = o - d. What is the highest common divisor of 50 and o?
10
Let z = -212 + 222. Suppose 6*a + 40 = z*a. Calculate the highest common factor of 50 and a.
10
Let t = 139 + -79. Suppose -n - 2*n + t = 0. Suppose 4*k - 94 - 106 = -2*p, -4*p = -2*k + 100. What is the highest common divisor of k and n?
10
Let o(z) = -20*z - 129. Let j = 149 - 157. Let i be o(j). Calculate the greatest common factor of 93 and i.
31
Suppose 2*g + 3*y - 689 = 0, 306*g - 309*g + 1066 = -2*y. Calculate the greatest common divisor of 64 and g.
32
Let r(z) = 285*z - 775. Let t be r(4). What is the highest common factor of t and 219?
73
Suppose 44*x - 16889 + 13877 = 31968. What is the greatest common divisor of x and 2544?
159
Let v(m) = -m**3 + 7*m**2 + 12*m - 15. Let x be v(8). Let j(d) = d**3 - 19*d**2 + 39*d - 34. Let t be j(x). What is the greatest common divisor of 119 and t?
17
Suppose 0 = 222*k - 206*k + 2080. Let h = k - -165. Calculate the highest common divisor of 805 and h.
35
Suppose -5*b + 155 = 2*h, -2*b = 2*b + 5*h - 107. Let n = -385 - -462. Calculate the greatest common factor of n and b.
11
Let c be 6 - (-13 + 21/3 - 4). What is the greatest common divisor of c and 34944?
16
Suppose 5*v = -4*g + 778, 0 = -5*v + 3*g - 248 + 1012. Let m be 92 - ((-4 + 5)*-2 + 0). Let w = -80 + m. What is the greatest common factor of w and v?
14
Let k(t) = 36*t**2 - 36*t**2 + 2*t**3 - 4*t + 1. Let f be k(5). Suppose -145 = -6*g + 53. Calculate the highest common divisor of f and g.
33
Let m(f) = 268*f**2 - 25*f + 19. Let z be m(4). What is the highest common factor of z and 7?
7
Suppose -1449 = -782*d + 761*d. Suppose 3*u - 460 = -2*u. Calculate the greatest common divisor of d and u.
23
Let h be (0 + 16)*(-14)/(-49)*(-16 - -23). What is the greatest common divisor of h and 6304?
32
Let r be (-4 - -1)*(-25)/(-15) - -2516. What is the highest common divisor of r and 81?
81
Let u = -13909 - -14030. Calculate the greatest common factor of u and 5.
1
Suppose -34*b - 56173 = -218652 - 244977. What is the greatest common factor of b and 28?
28
Let x(g) = 10*g + 686. Let y be x(-51). What is the highest common divisor of y and 308?
44
Suppose 0 = 2*v + 4*q - 56 - 290, -3*q - 780 = -4*v. Calculate the greatest common divisor of v and 1659.
21
Let l(n) = -n**2 + 12*n - 32. Suppose -317 = -9*u - 20. Let t = u - 27. Let c be l(t). What is the highest common factor of 4 and c?
4
Suppose 1232*c = -2*j + 1234*c + 28, 0 = -3*c + 6. What is the highest common factor of 4208 and j?
16
Suppose -318 = -2*k + 4*i, -702 = -4*k - 5*i - 1. Suppose -2991*w + 208 = -2983*w. What is the highest common divisor of w and k?
13
Let d be (1/5)/((-8)/(-40)). Suppose -38*f + 39*f = -32. Let u = f + 33. Calculate the highest common divisor of d and u.
1
Suppose 0 = -2*n + 2*j + 244, 558*n = 561*n - j - 356. Let v = 3 - -49. What is the highest common divisor of n and v?
13
Let s(l) = -42*l**2 + 1044*l + 26. Let w be s(23). What is the highest common factor of w and 280?
140
Let c be ((-160)/(-7))/(((-23)/((-138)/(-36)))/(-21)). Suppose l - 125 = p, -3*p - 2*p + 335 = 3*l. What is the greatest common divisor of l and c?
40
Let q(k) = -14*k - 6. Let h be q(-5). Let a be ((-2079)/(-11))/(-9) - -69. What is the highest common factor of h and a?
16
Let j be 1764/3 - 8/(-4). Calculate the greatest common divisor of j and 472.
118
Suppose 5*p = 4*f - 5*f + 2571, 2*p + 3*f = 1057. Suppose -22 + 6 = -t. Calculate the highest common factor of t and p.
16
Let k be (-3)/(-1*(3 + -4)). Let l be (-1 + (-13)/k)*6. Let n be 598/143 + (-4)/22. Calculate the greatest common factor of l and n.
4
Suppose -5*l - 2495 = 4*a, 4*l + l + 5*a + 2495 = 0. Let q = l - -1050. What is the greatest common factor of 29 and q?
29
Let l(a) = 2*a**2 - 36*a + 4. Let k be l(23). Calculate the greatest common factor of k and 81.
9
Let c(i) = -186*i + 3. Let p be c(4). Let x = -615 - p. What is the greatest common divisor of x and 162?
18
Suppose 0 = -5*n + 5*z + 600, 13*z = -5*n + 12*z + 594. Suppose -51 = -t - 3*y, -5*t + 421 - 166 = -4*y. What is the greatest common divisor of t and n?
17
Let y(u) = 35*u**3 + 8*u**2 + 8*u - 4. Let w be y(-3). Let i = -578 - w. Calculate the greatest common divisor of i and 19.
19
Let m = -258 - 197. Let p = -452 - m. Calculate the greatest common divisor of p and 192.
3
Let y(k) = 10*k - 18. Let c be y(6). Let s be (-1)/(-2)*(7 + -5)*-137. Let b = s - -242. Calculate the highest common divisor of c and b.
21
Let s(g) = 252*g**2 - 8*g + 1. Let b be s(2). Calculate the greatest common factor of 3 and b.
3
Suppose -1795 = -4*i - b, 122*i - 124*i = 3*b - 885. Calculate the highest common divisor of 35 and i.
5
Suppose -4*n = 4*j - 32, 6*j - 2 = n + 5*j. Let b be n/(-6 - 4152/(-688)). Calculate the highest common factor of 2 and b.
2
Suppose -5*i - 2*s = -794, 0 = -i - 4*s + 328 - 180. What is the greatest common divisor of i and 10?
10
Let s(t) = t**3 + 21*t**2 + 20*t + 3. Let a be s(-20). Let p be 2/9 + 856/36. Suppose 5*w - p = 4*w. What is the greatest common factor of a and w?
3
Let d(x) be the second derivative of -x**5/4 - x**4/12 + 13*x. Let n be d(-1). Suppose -n*o = -93 - 87. Calculate the greatest common divisor of o and 18.
9
Let g(p) = -p**3 - 5*p**2 + 7*p + 2. Let j be g(-5). Let b = 33 + j. Suppose b = -2*k - 5 + 61. Calculate the greatest common divisor of k and 7.
7
Let a be 1/(45/(-12) + 2 + 2). Suppose -198 = -4*w + 42. Suppose -3*q - w = -6*q. What is the highest common divisor of q and a?
4
Let g(r) = -4*r**2 - 11*r - 3. Let n be g(-5). Let j be 32/n - (-10)/6. Let y be (-3 + j + 3)*(159 - -2). Calculate the greatest common factor of 23 and y.
23
Suppose 3*g - 2*d = -2202, 4*g - 23*d + 2943 = -18*d. Let a = 998 + g. What is the highest common divisor of a and 14?
14
Suppose -44*l = 62*l + 8*l - 2964. Let v = 290 - 147. Calculate the highest common factor of v and l.
13
Let r(w) = 8*w**2 + 111*w - 1449. Let y be r(15). What is the highest common factor of 108 and y?
36
Suppose -2*r + 15 = 11, -v = 4*r - 1061. What is the greatest common divisor of 273 and v?
39
Let p be 672/(-4*3/90 + (-816)/(-3420)). Calculate the highest common factor of p and 1520.
304
Suppose -196*j + 636*j - 6174 - 8786 = 0. Calculate the highest common factor of 1207 and j.
17
Let m = -134 - -195. Suppose -m = -q - 50. What is the greatest common divisor of q and 1?
1
Let d(y) = y**3 + 23*y**2 - 26*y - 40. Let b be d(-24). Let r be 6*26*b/16. Let t = 137 - r. Calculate the greatest common divisor of t and 236.
59
Suppose 5*q = -4*y + q + 60, y = -5*q + 11. Suppose -65937 = 360*h + 318*h - 239505. What is the highest common factor of y and h?
16
Suppose 2037 = 43*z + 54*z. What is the highest common factor of z and 21693?